{"id":2653,"date":"2021-10-20T13:06:39","date_gmt":"2021-10-20T11:06:39","guid":{"rendered":"https:\/\/www.optistar.es\/?post_type=product&#038;p=2653"},"modified":"2021-10-20T13:06:40","modified_gmt":"2021-10-20T11:06:40","slug":"cebe-strack-2-0-m-matt-fresh-jade","status":"publish","type":"product","link":"https:\/\/www.optistar.es\/en\/product\/cebe-strack-2-0-m-matt-fresh-jade\/","title":{"rendered":"CEBE STRACK 2.0 M MATT FRESH JADE"},"content":{"rendered":"<p>La estructura de la gafa est\u00e1 dise\u00f1ada con la tecnolog\u00eda Simbiotech exclusiva de C\u00e9b\u00e9 que mezcla materiales como el nailon, que aporta consistencia y seguridad y la silicona de las varillas y el puente que proporcionan mayor sujeci\u00f3n, comodidad y ligereza.<\/p>\n<p>Varillas en V, tienen la funci\u00f3n de abrazar el contorno de la cabeza para estabilizar la gafa.<br \/>\nLentes envolventes que aportan un campo de visi\u00f3n muy amplio y con posibilidad de intercambiarlas f\u00e1cilmente.<br \/>\nVentilaci\u00f3n m\u00e1xima para evitar empa\u00f1amiento.<\/p>\n<button class=\"timify-button\" data-account-id=\"5f58bcb99d3fd111af93bfcd\">MAKE AN APPOINTMENT<\/button>","protected":false},"excerpt":{"rendered":"<p>La estructura de la gafa est\u00e1 dise\u00f1ada con la tecnolog\u00eda Simbiotech exclusiva de C\u00e9b\u00e9 que mezcla materiales como el nailon, que aporta consistencia y seguridad y la silicona de las varillas y el puente que proporcionan mayor sujeci\u00f3n, comodidad y ligereza. Varillas en V, tienen la funci\u00f3n de abrazar el contorno de la cabeza para&hellip;&nbsp;<a href=\"https:\/\/www.optistar.es\/en\/product\/cebe-strack-2-0-m-matt-fresh-jade\/\" rel=\"bookmark\">Read More &raquo;<span class=\"screen-reader-text\">CEBE STRACK 2.0 M MATT FRESH JADE<\/span><\/a><\/p>","protected":false},"featured_media":2650,"template":"","meta":{"neve_meta_sidebar":"","neve_meta_container":"","neve_meta_enable_content_width":"off","neve_meta_content_width":70,"neve_meta_title_alignment":"","neve_meta_author_avatar":"","neve_post_elements_order":"","neve_meta_disable_header":"","neve_meta_disable_footer":"","neve_meta_disable_title":"","_themeisle_gutenberg_block_has_review":false,"_joinchat":[]},"product_brand":[],"product_cat":[28,25,29,257,258],"product_tag":[],"class_list":{"0":"post-2653","1":"product","2":"type-product","3":"status-publish","4":"has-post-thumbnail","6":"product_cat-hombre","7":"product_cat-gafas","8":"product_cat-mujer","9":"product_cat-sol","10":"product_cat-sol-hombre","12":"first","13":"instock","14":"taxable","15":"shipping-taxable","16":"purchasable","17":"product-type-simple"},"_links":{"self":[{"href":"https:\/\/www.optistar.es\/en\/wp-json\/wp\/v2\/product\/2653","targetHints":{"allow":["GET"]}}],"collection":[{"href":"https:\/\/www.optistar.es\/en\/wp-json\/wp\/v2\/product"}],"about":[{"href":"https:\/\/www.optistar.es\/en\/wp-json\/wp\/v2\/types\/product"}],"wp:featuredmedia":[{"embeddable":true,"href":"https:\/\/www.optistar.es\/en\/wp-json\/wp\/v2\/media\/2650"}],"wp:attachment":[{"href":"https:\/\/www.optistar.es\/en\/wp-json\/wp\/v2\/media?parent=2653"}],"wp:term":[{"taxonomy":"product_brand","embeddable":true,"href":"https:\/\/www.optistar.es\/en\/wp-json\/wp\/v2\/product_brand?post=2653"},{"taxonomy":"product_cat","embeddable":true,"href":"https:\/\/www.optistar.es\/en\/wp-json\/wp\/v2\/product_cat?post=2653"},{"taxonomy":"product_tag","embeddable":true,"href":"https:\/\/www.optistar.es\/en\/wp-json\/wp\/v2\/product_tag?post=2653"}],"curies":[{"name":"wp","href":"https:\/\/api.w.org\/{rel}","templated":true}]}}

<p>La estructura de la gafa está diseñada con la tecnología Simbiotech exclusiva de Cébé que mezcla materiales como el nailon, que aporta consistencia y seguridad y la silicona de las varillas y el puente que proporcionan mayor sujeción, comodidad y ligereza.</p>
<p>Varillas en V, tienen la función de abrazar el contorno de la cabeza para estabilizar la gafa.<br />
Lentes envolventes que aportan un campo de visión muy amplio y con posibilidad de intercambiarlas fácilmente.<br />
Ventilación máxima para evitar empañamiento.</p>
<button class="timify-button" data-account-id="5f58bcb99d3fd111af93bfcd">MAKE AN APPOINTMENT</button>

<p>La estructura de la gafa está diseñada con la tecnología Simbiotech exclusiva de Cébé que mezcla materiales como el nailon, que aporta consistencia y seguridad y la silicona de las varillas y el puente que proporcionan mayor sujeción, comodidad y ligereza. Varillas en V, tienen la función de abrazar el contorno de la cabeza para&hellip;&nbsp;<a href="https://www.optistar.es/en/product/cebe-strack-2-0-m-matt-fresh-jade/" rel="bookmark">Read More &raquo;<span class="screen-reader-text">CEBE STRACK 2.0 M MATT FRESH JADE</span></a></p>
