{"id":2689,"date":"2021-10-21T12:28:07","date_gmt":"2021-10-21T10:28:07","guid":{"rendered":"https:\/\/www.optistar.es\/?post_type=product&#038;p=2689"},"modified":"2021-10-21T12:28:07","modified_gmt":"2021-10-21T10:28:07","slug":"mytho-701-03","status":"publish","type":"product","link":"https:\/\/www.optistar.es\/en\/product\/mytho-701-03\/","title":{"rendered":"MYTHO  701 03"},"content":{"rendered":"<p>Las gafas Mytho fueron pensadas para aquellos que quieren un producto de calidad, accesible y de estilo creativo.<br \/>\nUn p\u00fablico consciente del valor y la importancia de poder acceder a gafas de alta calidad a un costo razonable. Que busca mejorar su visi\u00f3n sin resignar la est\u00e9tica. Que no s\u00f3lo quiere ver mejor, sino que tambi\u00e9n quiere verse bien<\/p>\n<button class=\"timify-button\" data-account-id=\"5f58bcb99d3fd111af93bfcd\">MAKE AN APPOINTMENT<\/button>","protected":false},"excerpt":{"rendered":"<p>Las gafas Mytho fueron pensadas para aquellos que quieren un producto de calidad, accesible y de estilo creativo. Un p\u00fablico consciente del valor y la importancia de poder acceder a gafas de alta calidad a un costo razonable. Que busca mejorar su visi\u00f3n sin resignar la est\u00e9tica. Que no s\u00f3lo quiere ver mejor, sino que&hellip;&nbsp;<a href=\"https:\/\/www.optistar.es\/en\/product\/mytho-701-03\/\" rel=\"bookmark\">Read More &raquo;<span class=\"screen-reader-text\">MYTHO  701 03<\/span><\/a><\/p>","protected":false},"featured_media":2680,"template":"","meta":{"neve_meta_sidebar":"","neve_meta_container":"","neve_meta_enable_content_width":"off","neve_meta_content_width":70,"neve_meta_title_alignment":"","neve_meta_author_avatar":"","neve_post_elements_order":"","neve_meta_disable_header":"","neve_meta_disable_footer":"","neve_meta_disable_title":"","_themeisle_gutenberg_block_has_review":false,"_joinchat":[]},"product_brand":[],"product_cat":[28,25,29,257,258],"product_tag":[],"class_list":{"0":"post-2689","1":"product","2":"type-product","3":"status-publish","4":"has-post-thumbnail","6":"product_cat-hombre","7":"product_cat-gafas","8":"product_cat-mujer","9":"product_cat-sol","10":"product_cat-sol-hombre","12":"first","13":"instock","14":"taxable","15":"shipping-taxable","16":"purchasable","17":"product-type-simple"},"_links":{"self":[{"href":"https:\/\/www.optistar.es\/en\/wp-json\/wp\/v2\/product\/2689","targetHints":{"allow":["GET"]}}],"collection":[{"href":"https:\/\/www.optistar.es\/en\/wp-json\/wp\/v2\/product"}],"about":[{"href":"https:\/\/www.optistar.es\/en\/wp-json\/wp\/v2\/types\/product"}],"wp:featuredmedia":[{"embeddable":true,"href":"https:\/\/www.optistar.es\/en\/wp-json\/wp\/v2\/media\/2680"}],"wp:attachment":[{"href":"https:\/\/www.optistar.es\/en\/wp-json\/wp\/v2\/media?parent=2689"}],"wp:term":[{"taxonomy":"product_brand","embeddable":true,"href":"https:\/\/www.optistar.es\/en\/wp-json\/wp\/v2\/product_brand?post=2689"},{"taxonomy":"product_cat","embeddable":true,"href":"https:\/\/www.optistar.es\/en\/wp-json\/wp\/v2\/product_cat?post=2689"},{"taxonomy":"product_tag","embeddable":true,"href":"https:\/\/www.optistar.es\/en\/wp-json\/wp\/v2\/product_tag?post=2689"}],"curies":[{"name":"wp","href":"https:\/\/api.w.org\/{rel}","templated":true}]}}

<p>Las gafas Mytho fueron pensadas para aquellos que quieren un producto de calidad, accesible y de estilo creativo.<br />
Un público consciente del valor y la importancia de poder acceder a gafas de alta calidad a un costo razonable. Que busca mejorar su visión sin resignar la estética. Que no sólo quiere ver mejor, sino que también quiere verse bien</p>
<button class="timify-button" data-account-id="5f58bcb99d3fd111af93bfcd">MAKE AN APPOINTMENT</button>

<p>Las gafas Mytho fueron pensadas para aquellos que quieren un producto de calidad, accesible y de estilo creativo. Un público consciente del valor y la importancia de poder acceder a gafas de alta calidad a un costo razonable. Que busca mejorar su visión sin resignar la estética. Que no sólo quiere ver mejor, sino que&hellip;&nbsp;<a href="https://www.optistar.es/en/product/mytho-701-03/" rel="bookmark">Read More &raquo;<span class="screen-reader-text">MYTHO  701 03</span></a></p>
