{"id":2915,"date":"2021-12-01T12:14:30","date_gmt":"2021-12-01T11:14:30","guid":{"rendered":"https:\/\/www.optistar.es\/?post_type=product&#038;p=2915"},"modified":"2021-12-01T12:14:30","modified_gmt":"2021-12-01T11:14:30","slug":"nano-air-force","status":"publish","type":"product","link":"https:\/\/www.optistar.es\/en\/product\/nano-air-force\/","title":{"rendered":"NANO AIR FORCE"},"content":{"rendered":"<p>Presentamos NANO AIRLINE, la primera l\u00ednea de monturas semi-al aire para ni\u00f1@s, una colecci\u00f3n 100% Nano.<\/p>\n<p>Basados en la pel\u00edcula que marc\u00f3 a una \u00e9poca, los modelos Falcon, Jet, Top Gun y Air Force vienen pisando fuerte, o m\u00e1s bien, volando alto. Una colecci\u00f3n para ni\u00f1@s y adolescentes entre 6 y 16 a\u00f1os.<\/p>\n<p>Cuatro modelos con dise\u00f1os estilizados y aerodin\u00e1micos con talones y varillas finas que se convertir\u00e1n en la nueva generaci\u00f3n de monturas pensadas para una nueva generaci\u00f3n de ni\u00f1@s: atrevidos, reivindicativos e inspiradores.<\/p>\n<button class=\"timify-button\" data-account-id=\"5f58bcb99d3fd111af93bfcd\">MAKE AN APPOINTMENT<\/button>","protected":false},"excerpt":{"rendered":"<p>Presentamos NANO AIRLINE, la primera l\u00ednea de monturas semi-al aire para ni\u00f1@s, una colecci\u00f3n 100% Nano. Basados en la pel\u00edcula que marc\u00f3 a una \u00e9poca, los modelos Falcon, Jet, Top Gun y Air Force vienen pisando fuerte, o m\u00e1s bien, volando alto. Una colecci\u00f3n para ni\u00f1@s y adolescentes entre 6 y 16 a\u00f1os. Cuatro modelos&hellip;&nbsp;<a href=\"https:\/\/www.optistar.es\/en\/product\/nano-air-force\/\" rel=\"bookmark\">Read More &raquo;<span class=\"screen-reader-text\">NANO AIR FORCE<\/span><\/a><\/p>","protected":false},"featured_media":2916,"template":"","meta":{"neve_meta_sidebar":"","neve_meta_container":"","neve_meta_enable_content_width":"off","neve_meta_content_width":70,"neve_meta_title_alignment":"","neve_meta_author_avatar":"","neve_post_elements_order":"","neve_meta_disable_header":"","neve_meta_disable_footer":"","neve_meta_disable_title":"","_themeisle_gutenberg_block_has_review":false,"_joinchat":[]},"product_brand":[],"product_cat":[28,25,26],"product_tag":[],"class_list":{"0":"post-2915","1":"product","2":"type-product","3":"status-publish","4":"has-post-thumbnail","6":"product_cat-hombre","7":"product_cat-gafas","8":"product_cat-nino","10":"first","11":"instock","12":"taxable","13":"shipping-taxable","14":"purchasable","15":"product-type-simple"},"_links":{"self":[{"href":"https:\/\/www.optistar.es\/en\/wp-json\/wp\/v2\/product\/2915","targetHints":{"allow":["GET"]}}],"collection":[{"href":"https:\/\/www.optistar.es\/en\/wp-json\/wp\/v2\/product"}],"about":[{"href":"https:\/\/www.optistar.es\/en\/wp-json\/wp\/v2\/types\/product"}],"wp:featuredmedia":[{"embeddable":true,"href":"https:\/\/www.optistar.es\/en\/wp-json\/wp\/v2\/media\/2916"}],"wp:attachment":[{"href":"https:\/\/www.optistar.es\/en\/wp-json\/wp\/v2\/media?parent=2915"}],"wp:term":[{"taxonomy":"product_brand","embeddable":true,"href":"https:\/\/www.optistar.es\/en\/wp-json\/wp\/v2\/product_brand?post=2915"},{"taxonomy":"product_cat","embeddable":true,"href":"https:\/\/www.optistar.es\/en\/wp-json\/wp\/v2\/product_cat?post=2915"},{"taxonomy":"product_tag","embeddable":true,"href":"https:\/\/www.optistar.es\/en\/wp-json\/wp\/v2\/product_tag?post=2915"}],"curies":[{"name":"wp","href":"https:\/\/api.w.org\/{rel}","templated":true}]}}

<p>Presentamos NANO AIRLINE, la primera línea de monturas semi-al aire para niñ@s, una colección 100% Nano.</p>
<p>Basados en la película que marcó a una época, los modelos Falcon, Jet, Top Gun y Air Force vienen pisando fuerte, o más bien, volando alto. Una colección para niñ@s y adolescentes entre 6 y 16 años.</p>
<p>Cuatro modelos con diseños estilizados y aerodinámicos con talones y varillas finas que se convertirán en la nueva generación de monturas pensadas para una nueva generación de niñ@s: atrevidos, reivindicativos e inspiradores.</p>
<button class="timify-button" data-account-id="5f58bcb99d3fd111af93bfcd">MAKE AN APPOINTMENT</button>

<p>Presentamos NANO AIRLINE, la primera línea de monturas semi-al aire para niñ@s, una colección 100% Nano. Basados en la película que marcó a una época, los modelos Falcon, Jet, Top Gun y Air Force vienen pisando fuerte, o más bien, volando alto. Una colección para niñ@s y adolescentes entre 6 y 16 años. Cuatro modelos&hellip;&nbsp;<a href="https://www.optistar.es/en/product/nano-air-force/" rel="bookmark">Read More &raquo;<span class="screen-reader-text">NANO AIR FORCE</span></a></p>
