{"id":4289,"date":"2024-11-07T12:12:43","date_gmt":"2024-11-07T11:12:43","guid":{"rendered":"https:\/\/www.optistar.es\/?post_type=product&#038;p=4289"},"modified":"2024-11-07T12:12:43","modified_gmt":"2024-11-07T11:12:43","slug":"oneill-barrel","status":"publish","type":"product","link":"https:\/\/www.optistar.es\/en\/product\/oneill-barrel\/","title":{"rendered":"O\u00b4Neill BARREL"},"content":{"rendered":"<p>Su forma es rectangular, se adapta perfectamente a los rostros redondos. El color de la montura es mayoritariamente negro, que es un color f\u00e1cil de llevar y sigue siendo una elecci\u00f3n excelente y fiable para un estilo cotidiano pero elegante. El color del cristal es azul, que es ideal para reducir el brillo general. El color del cristal es gris, lo que reduce el resplandor y mejora la percepci\u00f3n del color. A estas gafas de sol se les ha a\u00f1adido la polarizaci\u00f3n. Los cristales polarizados contienen un filtro especial que bloquea la luz reflejada intensa, lo que, en efecto, reduce el resplandor y a\u00f1ade m\u00e1s protecci\u00f3n a sus ojos. Los cristales est\u00e1n recubiertos con un revestimiento de espejo, que ayuda a su visi\u00f3n al atenuar las circunstancias de luz brillante. Estas gafas son adecuadas para conducir. Est\u00e1n equipadas con un filtro polarizado, que reduce la reflexi\u00f3n de la luz. El material est\u00e1 elaborado principalmente de pl\u00e1stico ligero y duradero.<\/p>\n<button class=\"timify-button\" data-account-id=\"5f58bcb99d3fd111af93bfcd\">MAKE AN APPOINTMENT<\/button>","protected":false},"excerpt":{"rendered":"<p><b>O&#8217;Neill<\/b>\u00a0es una marca americana que originalmente se especializ\u00f3 en tablas de surf, y su colecci\u00f3n de gafas refleja esas vibraciones de la playa. Los acentos de colores atrevidos impregnan sus dise\u00f1os para evocar las puestas de sol en la playa y presentan detalles sutiles y un ajuste elegante.<\/p>","protected":false},"featured_media":4290,"template":"","meta":{"neve_meta_sidebar":"","neve_meta_container":"","neve_meta_enable_content_width":"off","neve_meta_content_width":100,"neve_meta_title_alignment":"","neve_meta_author_avatar":"","neve_post_elements_order":"","neve_meta_disable_header":"","neve_meta_disable_footer":"","neve_meta_disable_title":"","_themeisle_gutenberg_block_has_review":false,"_joinchat":[]},"product_brand":[],"product_cat":[28,25,258],"product_tag":[],"class_list":{"0":"post-4289","1":"product","2":"type-product","3":"status-publish","4":"has-post-thumbnail","6":"product_cat-hombre","7":"product_cat-gafas","8":"product_cat-sol-hombre","10":"first","11":"instock","12":"taxable","13":"shipping-taxable","14":"purchasable","15":"product-type-simple"},"_links":{"self":[{"href":"https:\/\/www.optistar.es\/en\/wp-json\/wp\/v2\/product\/4289","targetHints":{"allow":["GET"]}}],"collection":[{"href":"https:\/\/www.optistar.es\/en\/wp-json\/wp\/v2\/product"}],"about":[{"href":"https:\/\/www.optistar.es\/en\/wp-json\/wp\/v2\/types\/product"}],"wp:featuredmedia":[{"embeddable":true,"href":"https:\/\/www.optistar.es\/en\/wp-json\/wp\/v2\/media\/4290"}],"wp:attachment":[{"href":"https:\/\/www.optistar.es\/en\/wp-json\/wp\/v2\/media?parent=4289"}],"wp:term":[{"taxonomy":"product_brand","embeddable":true,"href":"https:\/\/www.optistar.es\/en\/wp-json\/wp\/v2\/product_brand?post=4289"},{"taxonomy":"product_cat","embeddable":true,"href":"https:\/\/www.optistar.es\/en\/wp-json\/wp\/v2\/product_cat?post=4289"},{"taxonomy":"product_tag","embeddable":true,"href":"https:\/\/www.optistar.es\/en\/wp-json\/wp\/v2\/product_tag?post=4289"}],"curies":[{"name":"wp","href":"https:\/\/api.w.org\/{rel}","templated":true}]}}

<p>Su forma es rectangular, se adapta perfectamente a los rostros redondos. El color de la montura es mayoritariamente negro, que es un color fácil de llevar y sigue siendo una elección excelente y fiable para un estilo cotidiano pero elegante. El color del cristal es azul, que es ideal para reducir el brillo general. El color del cristal es gris, lo que reduce el resplandor y mejora la percepción del color. A estas gafas de sol se les ha añadido la polarización. Los cristales polarizados contienen un filtro especial que bloquea la luz reflejada intensa, lo que, en efecto, reduce el resplandor y añade más protección a sus ojos. Los cristales están recubiertos con un revestimiento de espejo, que ayuda a su visión al atenuar las circunstancias de luz brillante. Estas gafas son adecuadas para conducir. Están equipadas con un filtro polarizado, que reduce la reflexión de la luz. El material está elaborado principalmente de plástico ligero y duradero.</p>
<button class="timify-button" data-account-id="5f58bcb99d3fd111af93bfcd">MAKE AN APPOINTMENT</button>

<p><b>O&#8217;Neill</b> es una marca americana que originalmente se especializó en tablas de surf, y su colección de gafas refleja esas vibraciones de la playa. Los acentos de colores atrevidos impregnan sus diseños para evocar las puestas de sol en la playa y presentan detalles sutiles y un ajuste elegante.</p>
