{"id":4527,"date":"2025-03-14T18:38:10","date_gmt":"2025-03-14T17:38:10","guid":{"rendered":"https:\/\/www.optistar.es\/?post_type=product&#038;p=4527"},"modified":"2025-10-27T05:20:48","modified_gmt":"2025-10-27T04:20:48","slug":"blefacalm-eye-patch","status":"publish","type":"product","link":"https:\/\/www.optistar.es\/en\/product\/blefacalm-eye-patch\/","title":{"rendered":"BLEFACALM EYE PATCH"},"content":{"rendered":"<section class=\"elementor-section elementor-top-section elementor-element elementor-element-5f430c6 elementor-section-height-min-height elementor-section-stretched elementor-section-boxed elementor-section-height-default elementor-section-items-middle\" data-id=\"5f430c6\" data-element_type=\"section\" data-settings=\"{&quot;stretch_section&quot;:&quot;section-stretched&quot;,&quot;background_background&quot;:&quot;classic&quot;}\">\n<div class=\"elementor-container elementor-column-gap-default\">\n<div class=\"elementor-column elementor-col-100 elementor-top-column elementor-element elementor-element-5d6826a\" data-id=\"5d6826a\" data-element_type=\"column\">\n<div class=\"elementor-widget-wrap elementor-element-populated\">\n<div class=\"elementor-element elementor-element-d5bfa9a elementor-widget elementor-widget-heading\" data-id=\"d5bfa9a\" data-element_type=\"widget\" data-widget_type=\"heading.default\">\n<div class=\"elementor-widget-container\">\n<h4 class=\"elementor-heading-title elementor-size-default\">DESCRIPCI\u00d3N<\/h4>\n<\/div>\n<\/div>\n<\/div>\n<\/div>\n<\/div>\n<\/section>\n<section class=\"elementor-section elementor-top-section elementor-element elementor-element-623ea1ce elementor-section-stretched elementor-section-boxed elementor-section-height-default elementor-section-height-default\" data-id=\"623ea1ce\" data-element_type=\"section\" data-settings=\"{&quot;stretch_section&quot;:&quot;section-stretched&quot;,&quot;background_background&quot;:&quot;classic&quot;}\">\n<div class=\"elementor-container elementor-column-gap-default\">\n<div class=\"elementor-column elementor-col-100 elementor-top-column elementor-element elementor-element-3b4fbfdf\" data-id=\"3b4fbfdf\" data-element_type=\"column\">\n<div class=\"elementor-widget-wrap elementor-element-populated\">\n<div class=\"elementor-element elementor-element-573dd7e2 elementor-widget elementor-widget-text-editor\" data-id=\"573dd7e2\" data-element_type=\"widget\" data-widget_type=\"text-editor.default\">\n<div class=\"elementor-widget-container\">\n<p>\u2022 M\u00e1scara ocular desechable.<br \/>\n\u2022 Autocalentable, al desplegarla comienza a calentarse y libera vapor de agua fino.<br \/>\n\u2022 Se calienta a una temperatura de 40\u00baC durante unos 20 minutos<\/p>\n<\/div>\n<\/div>\n<div class=\"elementor-element elementor-element-9ba0964 elementor-widget elementor-widget-text-editor\" data-id=\"9ba0964\" data-element_type=\"widget\" data-widget_type=\"text-editor.default\">\n<div class=\"elementor-widget-container\">\n<p>Usos:<br \/>\nAyuda a restaurar el equilibrio de p\u00e1rpados y pel\u00edcula lagrimal<br \/>\nAyuda a reducir la sensaci\u00f3n de cansancio ocular<br \/>\nAyuda a reducir arrugas, bolsas y ojeras en el contorno de los ojos<\/p>\n<\/div>\n<\/div>\n<\/div>\n<\/div>\n<\/div>\n<\/section>\n<section class=\"elementor-section elementor-top-section elementor-element elementor-element-c4c79af elementor-section-height-min-height elementor-section-stretched elementor-section-boxed elementor-section-height-default elementor-section-items-middle\" data-id=\"c4c79af\" data-element_type=\"section\" data-settings=\"{&quot;stretch_section&quot;:&quot;section-stretched&quot;,&quot;background_background&quot;:&quot;classic&quot;}\">\n<div class=\"elementor-container elementor-column-gap-default\">\n<div class=\"elementor-column elementor-col-100 elementor-top-column elementor-element elementor-element-455e225\" data-id=\"455e225\" data-element_type=\"column\">\n<div class=\"elementor-widget-wrap elementor-element-populated\">\n<div class=\"elementor-element elementor-element-9c9aea3 elementor-widget elementor-widget-heading\" data-id=\"9c9aea3\" data-element_type=\"widget\" data-widget_type=\"heading.default\">\n<div class=\"elementor-widget-container\">\n<h4 class=\"elementor-heading-title elementor-size-default\">MODO DE EMPLEO<\/h4>\n<\/div>\n<\/div>\n<\/div>\n<\/div>\n<\/div>\n<\/section>\n<section class=\"elementor-section elementor-top-section elementor-element elementor-element-e59e6c4 elementor-section-boxed elementor-section-height-default elementor-section-height-default\" data-id=\"e59e6c4\" data-element_type=\"section\">\n<div class=\"elementor-container elementor-column-gap-default\">\n<div class=\"elementor-column elementor-col-100 elementor-top-column elementor-element elementor-element-57a1fa2\" data-id=\"57a1fa2\" data-element_type=\"column\">\n<div class=\"elementor-widget-wrap elementor-element-populated\">\n<div class=\"elementor-element elementor-element-ae1ceb0 elementor-widget elementor-widget-text-editor\" data-id=\"ae1ceb0\" data-element_type=\"widget\" data-widget_type=\"text-editor.default\">\n<div class=\"elementor-widget-container\">\n<p>Abra el sobre de aluminio, saque el antifaz, r\u00e1sguelo por la l\u00ednea de puntos y coloquelo asegurando que la parte blanca est\u00e1 en contacto con p\u00e1rpados y las bandas el\u00e1sticas en las orejas.<br \/>\nCierre los ojos durante 20-30 minutos.<\/p>\n<\/div>\n<\/div>\n<\/div>\n<\/div>\n<\/div>\n<\/section>\n<section class=\"elementor-section elementor-top-section elementor-element elementor-element-1ae2b4b elementor-section-height-min-height elementor-section-stretched elementor-section-boxed elementor-section-height-default elementor-section-items-middle\" data-id=\"1ae2b4b\" data-element_type=\"section\" data-settings=\"{&quot;stretch_section&quot;:&quot;section-stretched&quot;,&quot;background_background&quot;:&quot;classic&quot;}\">\n<div class=\"elementor-container elementor-column-gap-default\">\n<div class=\"elementor-column elementor-col-100 elementor-top-column elementor-element elementor-element-0868379\" data-id=\"0868379\" data-element_type=\"column\">\n<div class=\"elementor-widget-wrap elementor-element-populated\">\n<div class=\"elementor-element elementor-element-e2b1b5e elementor-widget elementor-widget-heading\" data-id=\"e2b1b5e\" data-element_type=\"widget\" data-widget_type=\"heading.default\">\n<div class=\"elementor-widget-container\">\n<h4 class=\"elementor-heading-title elementor-size-default\">INGREDIENTES Y POSOLOGIA<\/h4>\n<\/div>\n<\/div>\n<\/div>\n<\/div>\n<\/div>\n<\/section>\n<section class=\"elementor-section elementor-top-section elementor-element elementor-element-177d2d9 elementor-section-boxed elementor-section-height-default elementor-section-height-default\" data-id=\"177d2d9\" data-element_type=\"section\">\n<div class=\"elementor-container elementor-column-gap-default\">\n<div class=\"elementor-column elementor-col-100 elementor-top-column elementor-element elementor-element-e93c68c\" data-id=\"e93c68c\" data-element_type=\"column\">\n<div class=\"elementor-widget-wrap elementor-element-populated\">\n<div class=\"elementor-element elementor-element-7bf8a3e elementor-widget elementor-widget-text-editor\" data-id=\"7bf8a3e\" data-element_type=\"widget\" data-widget_type=\"text-editor.default\">\n<div class=\"elementor-widget-container\">\n<p>Utilizar cuando el usuario experimenta sensaciones de cansancio o desequilibrio ocular.<\/p>\n<p><strong>INGREDIENTES<\/strong><br \/>\nAlgod\u00f3n el\u00e1stico no tejido, polvo de hierro, agua, carb\u00f3n activado, sal inorg\u00e1nica, resina absorbente de agua<\/p>\n<p><strong>FORMATO<\/strong><br \/>\nEnvase conteniendo 10 unidades Blefacalm Eye Patch plegadas envasadas individualmente<\/p>\n<\/div>\n<\/div>\n<\/div>\n<\/div>\n<\/div>\n<\/section>\n<button class=\"timify-button\" data-account-id=\"5f58bcb99d3fd111af93bfcd\">MAKE AN APPOINTMENT<\/button>","protected":false},"excerpt":{"rendered":"<div class=\"elementor-column elementor-col-50 elementor-top-column elementor-element elementor-element-10580c animated fadeInLeft\" data-id=\"10580c\" data-element_type=\"column\" data-settings=\"{&quot;animation&quot;:&quot;fadeInLeft&quot;}\">\n<div class=\"elementor-widget-wrap elementor-element-populated\">\n<div class=\"elementor-element elementor-element-327c661 elementor-widget elementor-widget-heading\" data-id=\"327c661\" data-element_type=\"widget\" data-widget_type=\"heading.default\">\n<div class=\"elementor-widget-container\">\n<p class=\"elementor-heading-title elementor-size-default\">M\u00e1scara ocular desechable<\/p>\n<\/div>\n<\/div>\n<div class=\"elementor-element elementor-element-65d8d05 elementor-widget elementor-widget-heading\" data-id=\"65d8d05\" data-element_type=\"widget\" data-widget_type=\"heading.default\">\n<div class=\"elementor-widget-container\">\n<p class=\"elementor-heading-title elementor-size-default\">Calor h\u00famedo para p\u00e1rpados y zona periocular<\/p>\n<\/div>\n<\/div>\n<\/div>\n<\/div>\n<div class=\"elementor-column elementor-col-50 elementor-top-column elementor-element elementor-element-77e435ff\" data-id=\"77e435ff\" data-element_type=\"column\">\n<div class=\"elementor-widget-wrap elementor-element-populated\">\n<div class=\"elementor-element elementor-element-fa929d3 elementor-widget elementor-widget-image\" data-id=\"fa929d3\" data-element_type=\"widget\" data-widget_type=\"image.default\"><\/div>\n<\/div>\n<\/div>","protected":false},"featured_media":4530,"template":"","meta":{"neve_meta_sidebar":"","neve_meta_container":"","neve_meta_enable_content_width":"off","neve_meta_content_width":100,"neve_meta_title_alignment":"","neve_meta_author_avatar":"","neve_post_elements_order":"","neve_meta_disable_header":"","neve_meta_disable_footer":"","neve_meta_disable_title":"","_themeisle_gutenberg_block_has_review":false,"_joinchat":[]},"product_brand":[],"product_cat":[31,33],"product_tag":[],"class_list":{"0":"post-4527","1":"product","2":"type-product","3":"status-publish","4":"has-post-thumbnail","6":"product_cat-liquidos","7":"product_cat-salud-ocular","9":"first","10":"instock","11":"taxable","12":"shipping-taxable","13":"purchasable","14":"product-type-simple"},"_links":{"self":[{"href":"https:\/\/www.optistar.es\/en\/wp-json\/wp\/v2\/product\/4527","targetHints":{"allow":["GET"]}}],"collection":[{"href":"https:\/\/www.optistar.es\/en\/wp-json\/wp\/v2\/product"}],"about":[{"href":"https:\/\/www.optistar.es\/en\/wp-json\/wp\/v2\/types\/product"}],"wp:featuredmedia":[{"embeddable":true,"href":"https:\/\/www.optistar.es\/en\/wp-json\/wp\/v2\/media\/4530"}],"wp:attachment":[{"href":"https:\/\/www.optistar.es\/en\/wp-json\/wp\/v2\/media?parent=4527"}],"wp:term":[{"taxonomy":"product_brand","embeddable":true,"href":"https:\/\/www.optistar.es\/en\/wp-json\/wp\/v2\/product_brand?post=4527"},{"taxonomy":"product_cat","embeddable":true,"href":"https:\/\/www.optistar.es\/en\/wp-json\/wp\/v2\/product_cat?post=4527"},{"taxonomy":"product_tag","embeddable":true,"href":"https:\/\/www.optistar.es\/en\/wp-json\/wp\/v2\/product_tag?post=4527"}],"curies":[{"name":"wp","href":"https:\/\/api.w.org\/{rel}","templated":true}]}}

<section class="elementor-section elementor-top-section elementor-element elementor-element-5f430c6 elementor-section-height-min-height elementor-section-stretched elementor-section-boxed elementor-section-height-default elementor-section-items-middle" data-id="5f430c6" data-element_type="section" data-settings="{&quot;stretch_section&quot;:&quot;section-stretched&quot;,&quot;background_background&quot;:&quot;classic&quot;}">
<div class="elementor-container elementor-column-gap-default">
<div class="elementor-column elementor-col-100 elementor-top-column elementor-element elementor-element-5d6826a" data-id="5d6826a" data-element_type="column">
<div class="elementor-widget-wrap elementor-element-populated">
<div class="elementor-element elementor-element-d5bfa9a elementor-widget elementor-widget-heading" data-id="d5bfa9a" data-element_type="widget" data-widget_type="heading.default">
<div class="elementor-widget-container">
<h4 class="elementor-heading-title elementor-size-default">DESCRIPCIÓN</h4>
</div>
</div>
</div>
</div>
</div>
</section>
<section class="elementor-section elementor-top-section elementor-element elementor-element-623ea1ce elementor-section-stretched elementor-section-boxed elementor-section-height-default elementor-section-height-default" data-id="623ea1ce" data-element_type="section" data-settings="{&quot;stretch_section&quot;:&quot;section-stretched&quot;,&quot;background_background&quot;:&quot;classic&quot;}">
<div class="elementor-container elementor-column-gap-default">
<div class="elementor-column elementor-col-100 elementor-top-column elementor-element elementor-element-3b4fbfdf" data-id="3b4fbfdf" data-element_type="column">
<div class="elementor-widget-wrap elementor-element-populated">
<div class="elementor-element elementor-element-573dd7e2 elementor-widget elementor-widget-text-editor" data-id="573dd7e2" data-element_type="widget" data-widget_type="text-editor.default">
<div class="elementor-widget-container">
<p>• Máscara ocular desechable.<br />
• Autocalentable, al desplegarla comienza a calentarse y libera vapor de agua fino.<br />
• Se calienta a una temperatura de 40ºC durante unos 20 minutos</p>
</div>
</div>
<div class="elementor-element elementor-element-9ba0964 elementor-widget elementor-widget-text-editor" data-id="9ba0964" data-element_type="widget" data-widget_type="text-editor.default">
<div class="elementor-widget-container">
<p>Usos:<br />
Ayuda a restaurar el equilibrio de párpados y película lagrimal<br />
Ayuda a reducir la sensación de cansancio ocular<br />
Ayuda a reducir arrugas, bolsas y ojeras en el contorno de los ojos</p>
</div>
</div>
</div>
</div>
</div>
</section>
<section class="elementor-section elementor-top-section elementor-element elementor-element-c4c79af elementor-section-height-min-height elementor-section-stretched elementor-section-boxed elementor-section-height-default elementor-section-items-middle" data-id="c4c79af" data-element_type="section" data-settings="{&quot;stretch_section&quot;:&quot;section-stretched&quot;,&quot;background_background&quot;:&quot;classic&quot;}">
<div class="elementor-container elementor-column-gap-default">
<div class="elementor-column elementor-col-100 elementor-top-column elementor-element elementor-element-455e225" data-id="455e225" data-element_type="column">
<div class="elementor-widget-wrap elementor-element-populated">
<div class="elementor-element elementor-element-9c9aea3 elementor-widget elementor-widget-heading" data-id="9c9aea3" data-element_type="widget" data-widget_type="heading.default">
<div class="elementor-widget-container">
<h4 class="elementor-heading-title elementor-size-default">MODO DE EMPLEO</h4>
</div>
</div>
</div>
</div>
</div>
</section>
<section class="elementor-section elementor-top-section elementor-element elementor-element-e59e6c4 elementor-section-boxed elementor-section-height-default elementor-section-height-default" data-id="e59e6c4" data-element_type="section">
<div class="elementor-container elementor-column-gap-default">
<div class="elementor-column elementor-col-100 elementor-top-column elementor-element elementor-element-57a1fa2" data-id="57a1fa2" data-element_type="column">
<div class="elementor-widget-wrap elementor-element-populated">
<div class="elementor-element elementor-element-ae1ceb0 elementor-widget elementor-widget-text-editor" data-id="ae1ceb0" data-element_type="widget" data-widget_type="text-editor.default">
<div class="elementor-widget-container">
<p>Abra el sobre de aluminio, saque el antifaz, rásguelo por la línea de puntos y coloquelo asegurando que la parte blanca está en contacto con párpados y las bandas elásticas en las orejas.<br />
Cierre los ojos durante 20-30 minutos.</p>
</div>
</div>
</div>
</div>
</div>
</section>
<section class="elementor-section elementor-top-section elementor-element elementor-element-1ae2b4b elementor-section-height-min-height elementor-section-stretched elementor-section-boxed elementor-section-height-default elementor-section-items-middle" data-id="1ae2b4b" data-element_type="section" data-settings="{&quot;stretch_section&quot;:&quot;section-stretched&quot;,&quot;background_background&quot;:&quot;classic&quot;}">
<div class="elementor-container elementor-column-gap-default">
<div class="elementor-column elementor-col-100 elementor-top-column elementor-element elementor-element-0868379" data-id="0868379" data-element_type="column">
<div class="elementor-widget-wrap elementor-element-populated">
<div class="elementor-element elementor-element-e2b1b5e elementor-widget elementor-widget-heading" data-id="e2b1b5e" data-element_type="widget" data-widget_type="heading.default">
<div class="elementor-widget-container">
<h4 class="elementor-heading-title elementor-size-default">INGREDIENTES Y POSOLOGIA</h4>
</div>
</div>
</div>
</div>
</div>
</section>
<section class="elementor-section elementor-top-section elementor-element elementor-element-177d2d9 elementor-section-boxed elementor-section-height-default elementor-section-height-default" data-id="177d2d9" data-element_type="section">
<div class="elementor-container elementor-column-gap-default">
<div class="elementor-column elementor-col-100 elementor-top-column elementor-element elementor-element-e93c68c" data-id="e93c68c" data-element_type="column">
<div class="elementor-widget-wrap elementor-element-populated">
<div class="elementor-element elementor-element-7bf8a3e elementor-widget elementor-widget-text-editor" data-id="7bf8a3e" data-element_type="widget" data-widget_type="text-editor.default">
<div class="elementor-widget-container">
<p>Utilizar cuando el usuario experimenta sensaciones de cansancio o desequilibrio ocular.</p>
<p><strong>INGREDIENTES</strong><br />
Algodón elástico no tejido, polvo de hierro, agua, carbón activado, sal inorgánica, resina absorbente de agua</p>
<p><strong>FORMATO</strong><br />
Envase conteniendo 10 unidades Blefacalm Eye Patch plegadas envasadas individualmente</p>
</div>
</div>
</div>
</div>
</div>
</section>
<button class="timify-button" data-account-id="5f58bcb99d3fd111af93bfcd">MAKE AN APPOINTMENT</button>

<div class="elementor-column elementor-col-50 elementor-top-column elementor-element elementor-element-10580c animated fadeInLeft" data-id="10580c" data-element_type="column" data-settings="{&quot;animation&quot;:&quot;fadeInLeft&quot;}">
<div class="elementor-widget-wrap elementor-element-populated">
<div class="elementor-element elementor-element-327c661 elementor-widget elementor-widget-heading" data-id="327c661" data-element_type="widget" data-widget_type="heading.default">
<div class="elementor-widget-container">
<p class="elementor-heading-title elementor-size-default">Máscara ocular desechable</p>
</div>
</div>
<div class="elementor-element elementor-element-65d8d05 elementor-widget elementor-widget-heading" data-id="65d8d05" data-element_type="widget" data-widget_type="heading.default">
<div class="elementor-widget-container">
<p class="elementor-heading-title elementor-size-default">Calor húmedo para párpados y zona periocular</p>
</div>
</div>
</div>
</div>
<div class="elementor-column elementor-col-50 elementor-top-column elementor-element elementor-element-77e435ff" data-id="77e435ff" data-element_type="column">
<div class="elementor-widget-wrap elementor-element-populated">
<div class="elementor-element elementor-element-fa929d3 elementor-widget elementor-widget-image" data-id="fa929d3" data-element_type="widget" data-widget_type="image.default"></div>
</div>
</div>
